{"id":5,"date":"2024-10-03T11:25:11","date_gmt":"2024-10-03T09:25:11","guid":{"rendered":"http:\/\/pl.wubook.net\/blog\/?page_id=2"},"modified":"2024-10-22T21:06:38","modified_gmt":"2024-10-22T19:06:38","slug":"przykladowa-strona","status":"publish","type":"page","link":"https:\/\/pl.wubook.net\/blog\/przykladowa-strona","title":{"rendered":"Czym jest WuBook?"},"content":{"rendered":"\n<p>WuBook to wiod\u0105ca firma technologiczna w bran\u017cy hotelarskiej, kt\u00f3ra powsta\u0142a we W\u0142oszech i sta\u0142a si\u0119 mi\u0119dzynarodowa z biurami w Hiszpanii, Francji, Grecji, Polsce i Ameryce Po\u0142udniowej.<\/p>\n\n\n\n<p>G\u0142\u00f3wne oferowane us\u0142ugi to Booking Engine, Channel Manager i PMS, tworz\u0105c kompleksowe rozwi\u0105zanie, kt\u00f3re zaspokaja potrzeby w\u0142a\u015bcicieli ma\u0142ych i \u015brednich obiekt\u00f3w na ca\u0142ym \u015bwiecie.<\/p>\n\n\n\n<p>Oprogramowanie WuBook jest skierowane zar\u00f3wno do&nbsp;<strong>obiekt\u00f3w noclegowych<\/strong>, jak i&nbsp;<strong>partner\u00f3w technicznych<\/strong>&nbsp;i zosta\u0142o zaprojektowane, aby odpowiada\u0107 na potrzeby klient\u00f3w. Pakiet WuBook umo\u017cliwia zarz\u0105dzanie&nbsp;<strong>wszystkimi typami zakwaterowania zar\u00f3wno z komputera, jak i smartfona, na jednej platformie all-in-one opartej na chmurze<\/strong>. Znajdziesz tu \u015bwiat integracji i automatyzacji, kt\u00f3re pozwol\u0105 zaoszcz\u0119dzi\u0107 czas szybko i \u0142atwo.<\/p>\n\n\n\n<h4 class=\"wp-block-heading\"><a href=\"https:\/\/pl.wubook.net\/page\/Property-Management-System-9.html?utm_campaign=BLOG-PL\"><strong>Dowiedz si\u0119 wi\u0119cej o WuBook<\/strong><\/a><\/h4>\n\n\n\n<figure class=\"wp-block-embed is-type-rich is-provider-obs-uga-osadzania wp-block-embed-obs-uga-osadzania wp-embed-aspect-16-9 wp-has-aspect-ratio\"><div class=\"wp-block-embed__wrapper\">\n<iframe title=\"Zak - PMS DEMO\" width=\"960\" height=\"540\" src=\"https:\/\/www.youtube.com\/embed\/CMo_NEgX_mk?feature=oembed\" frameborder=\"0\" allow=\"accelerometer; autoplay; clipboard-write; encrypted-media; gyroscope; picture-in-picture; web-share\" referrerpolicy=\"strict-origin-when-cross-origin\" allowfullscreen><\/iframe>\n<\/div><\/figure>\n\n\n\n<h2 class=\"wp-block-heading\">Oficjalny Blog WuBook<\/h2>\n\n\n\n<p>Blog WuBook to przestrze\u0144 online bogata w tre\u015bci, stworzona, aby informowa\u0107 i by\u0107 na bie\u017c\u0105co z osobami zaanga\u017cowanymi w recepcj\u0119 turystyczn\u0105. Na jego stronach znajdziesz wiadomo\u015bci, trendy i artyku\u0142y techniczne o najnowszych technologiach w sektorze turystycznym.<\/p>\n","protected":false},"excerpt":{"rendered":"<p>WuBook to wiod\u0105ca firma technologiczna w bran\u017cy hotelarskiej, kt\u00f3ra powsta\u0142a we W\u0142oszech i sta\u0142a si\u0119 mi\u0119dzynarodowa z biurami&#8230;<\/p>\n","protected":false},"author":2,"featured_media":392,"parent":0,"menu_order":0,"comment_status":"closed","ping_status":"open","template":"","meta":{"footnotes":""},"class_list":["post-5","page","type-page","status-publish","has-post-thumbnail","hentry","content-wrap"],"yoast_head":"<!-- This site is optimized with the Yoast SEO plugin v27.0 - https:\/\/yoast.com\/product\/yoast-seo-wordpress\/ -->\n<title>Czym jest WuBook? - WuBook Blog<\/title>\n<meta name=\"robots\" content=\"index, follow, max-snippet:-1, max-image-preview:large, max-video-preview:-1\" \/>\n<link rel=\"canonical\" href=\"https:\/\/pl.wubook.net\/blog\/przykladowa-strona\" \/>\n<meta property=\"og:locale\" content=\"pl_PL\" \/>\n<meta property=\"og:type\" content=\"article\" \/>\n<meta property=\"og:title\" content=\"Czym jest WuBook? - WuBook Blog\" \/>\n<meta property=\"og:description\" content=\"WuBook to wiod\u0105ca firma technologiczna w bran\u017cy hotelarskiej, kt\u00f3ra powsta\u0142a we W\u0142oszech i sta\u0142a si\u0119 mi\u0119dzynarodowa z biurami...\" \/>\n<meta property=\"og:url\" content=\"https:\/\/pl.wubook.net\/blog\/przykladowa-strona\" \/>\n<meta property=\"og:site_name\" content=\"WuBook Blog\" \/>\n<meta property=\"article:modified_time\" content=\"2024-10-22T19:06:38+00:00\" \/>\n<meta property=\"og:image\" content=\"https:\/\/pl.wubook.net\/blog\/wp-content\/uploads\/2024\/10\/zak-pms-homepage.jpg\" \/>\n\t<meta property=\"og:image:width\" content=\"900\" \/>\n\t<meta property=\"og:image:height\" content=\"611\" \/>\n\t<meta property=\"og:image:type\" content=\"image\/jpeg\" \/>\n<meta name=\"twitter:card\" content=\"summary_large_image\" \/>\n<meta name=\"twitter:label1\" content=\"Szacowany czas czytania\" \/>\n\t<meta name=\"twitter:data1\" content=\"2 minuty\" \/>\n<script type=\"application\/ld+json\" class=\"yoast-schema-graph\">{\"@context\":\"https:\/\/schema.org\",\"@graph\":[{\"@type\":\"WebPage\",\"@id\":\"https:\/\/pl.wubook.net\/blog\/przykladowa-strona\",\"url\":\"https:\/\/pl.wubook.net\/blog\/przykladowa-strona\",\"name\":\"Czym jest WuBook? - WuBook Blog\",\"isPartOf\":{\"@id\":\"https:\/\/pl.wubook.net\/blog\/#website\"},\"primaryImageOfPage\":{\"@id\":\"https:\/\/pl.wubook.net\/blog\/przykladowa-strona#primaryimage\"},\"image\":{\"@id\":\"https:\/\/pl.wubook.net\/blog\/przykladowa-strona#primaryimage\"},\"thumbnailUrl\":\"https:\/\/pl.wubook.net\/blog\/wp-content\/uploads\/2024\/10\/zak-pms-homepage.jpg\",\"datePublished\":\"2024-10-03T09:25:11+00:00\",\"dateModified\":\"2024-10-22T19:06:38+00:00\",\"breadcrumb\":{\"@id\":\"https:\/\/pl.wubook.net\/blog\/przykladowa-strona#breadcrumb\"},\"inLanguage\":\"pl-PL\",\"potentialAction\":[{\"@type\":\"ReadAction\",\"target\":[\"https:\/\/pl.wubook.net\/blog\/przykladowa-strona\"]}]},{\"@type\":\"ImageObject\",\"inLanguage\":\"pl-PL\",\"@id\":\"https:\/\/pl.wubook.net\/blog\/przykladowa-strona#primaryimage\",\"url\":\"https:\/\/pl.wubook.net\/blog\/wp-content\/uploads\/2024\/10\/zak-pms-homepage.jpg\",\"contentUrl\":\"https:\/\/pl.wubook.net\/blog\/wp-content\/uploads\/2024\/10\/zak-pms-homepage.jpg\",\"width\":900,\"height\":611},{\"@type\":\"BreadcrumbList\",\"@id\":\"https:\/\/pl.wubook.net\/blog\/przykladowa-strona#breadcrumb\",\"itemListElement\":[{\"@type\":\"ListItem\",\"position\":1,\"name\":\"Home\",\"item\":\"https:\/\/pl.wubook.net\/blog\/\"},{\"@type\":\"ListItem\",\"position\":2,\"name\":\"Czym jest WuBook?\"}]},{\"@type\":\"WebSite\",\"@id\":\"https:\/\/pl.wubook.net\/blog\/#website\",\"url\":\"https:\/\/pl.wubook.net\/blog\/\",\"name\":\"WuBook Blog\",\"description\":\"\",\"potentialAction\":[{\"@type\":\"SearchAction\",\"target\":{\"@type\":\"EntryPoint\",\"urlTemplate\":\"https:\/\/pl.wubook.net\/blog\/?s={search_term_string}\"},\"query-input\":{\"@type\":\"PropertyValueSpecification\",\"valueRequired\":true,\"valueName\":\"search_term_string\"}}],\"inLanguage\":\"pl-PL\"}]}<\/script>\n<!-- \/ Yoast SEO plugin. -->","yoast_head_json":{"title":"Czym jest WuBook? - WuBook Blog","robots":{"index":"index","follow":"follow","max-snippet":"max-snippet:-1","max-image-preview":"max-image-preview:large","max-video-preview":"max-video-preview:-1"},"canonical":"https:\/\/pl.wubook.net\/blog\/przykladowa-strona","og_locale":"pl_PL","og_type":"article","og_title":"Czym jest WuBook? - WuBook Blog","og_description":"WuBook to wiod\u0105ca firma technologiczna w bran\u017cy hotelarskiej, kt\u00f3ra powsta\u0142a we W\u0142oszech i sta\u0142a si\u0119 mi\u0119dzynarodowa z biurami...","og_url":"https:\/\/pl.wubook.net\/blog\/przykladowa-strona","og_site_name":"WuBook Blog","article_modified_time":"2024-10-22T19:06:38+00:00","og_image":[{"width":900,"height":611,"url":"https:\/\/pl.wubook.net\/blog\/wp-content\/uploads\/2024\/10\/zak-pms-homepage.jpg","type":"image\/jpeg"}],"twitter_card":"summary_large_image","twitter_misc":{"Szacowany czas czytania":"2 minuty"},"schema":{"@context":"https:\/\/schema.org","@graph":[{"@type":"WebPage","@id":"https:\/\/pl.wubook.net\/blog\/przykladowa-strona","url":"https:\/\/pl.wubook.net\/blog\/przykladowa-strona","name":"Czym jest WuBook? - WuBook Blog","isPartOf":{"@id":"https:\/\/pl.wubook.net\/blog\/#website"},"primaryImageOfPage":{"@id":"https:\/\/pl.wubook.net\/blog\/przykladowa-strona#primaryimage"},"image":{"@id":"https:\/\/pl.wubook.net\/blog\/przykladowa-strona#primaryimage"},"thumbnailUrl":"https:\/\/pl.wubook.net\/blog\/wp-content\/uploads\/2024\/10\/zak-pms-homepage.jpg","datePublished":"2024-10-03T09:25:11+00:00","dateModified":"2024-10-22T19:06:38+00:00","breadcrumb":{"@id":"https:\/\/pl.wubook.net\/blog\/przykladowa-strona#breadcrumb"},"inLanguage":"pl-PL","potentialAction":[{"@type":"ReadAction","target":["https:\/\/pl.wubook.net\/blog\/przykladowa-strona"]}]},{"@type":"ImageObject","inLanguage":"pl-PL","@id":"https:\/\/pl.wubook.net\/blog\/przykladowa-strona#primaryimage","url":"https:\/\/pl.wubook.net\/blog\/wp-content\/uploads\/2024\/10\/zak-pms-homepage.jpg","contentUrl":"https:\/\/pl.wubook.net\/blog\/wp-content\/uploads\/2024\/10\/zak-pms-homepage.jpg","width":900,"height":611},{"@type":"BreadcrumbList","@id":"https:\/\/pl.wubook.net\/blog\/przykladowa-strona#breadcrumb","itemListElement":[{"@type":"ListItem","position":1,"name":"Home","item":"https:\/\/pl.wubook.net\/blog\/"},{"@type":"ListItem","position":2,"name":"Czym jest WuBook?"}]},{"@type":"WebSite","@id":"https:\/\/pl.wubook.net\/blog\/#website","url":"https:\/\/pl.wubook.net\/blog\/","name":"WuBook Blog","description":"","potentialAction":[{"@type":"SearchAction","target":{"@type":"EntryPoint","urlTemplate":"https:\/\/pl.wubook.net\/blog\/?s={search_term_string}"},"query-input":{"@type":"PropertyValueSpecification","valueRequired":true,"valueName":"search_term_string"}}],"inLanguage":"pl-PL"}]}},"_links":{"self":[{"href":"https:\/\/pl.wubook.net\/blog\/wp-json\/wp\/v2\/pages\/5","targetHints":{"allow":["GET"]}}],"collection":[{"href":"https:\/\/pl.wubook.net\/blog\/wp-json\/wp\/v2\/pages"}],"about":[{"href":"https:\/\/pl.wubook.net\/blog\/wp-json\/wp\/v2\/types\/page"}],"author":[{"embeddable":true,"href":"https:\/\/pl.wubook.net\/blog\/wp-json\/wp\/v2\/users\/2"}],"replies":[{"embeddable":true,"href":"https:\/\/pl.wubook.net\/blog\/wp-json\/wp\/v2\/comments?post=5"}],"version-history":[{"count":3,"href":"https:\/\/pl.wubook.net\/blog\/wp-json\/wp\/v2\/pages\/5\/revisions"}],"predecessor-version":[{"id":524,"href":"https:\/\/pl.wubook.net\/blog\/wp-json\/wp\/v2\/pages\/5\/revisions\/524"}],"wp:featuredmedia":[{"embeddable":true,"href":"https:\/\/pl.wubook.net\/blog\/wp-json\/wp\/v2\/media\/392"}],"wp:attachment":[{"href":"https:\/\/pl.wubook.net\/blog\/wp-json\/wp\/v2\/media?parent=5"}],"curies":[{"name":"wp","href":"https:\/\/api.w.org\/{rel}","templated":true}]}}